w be d(-1). Suppose 32*s - w - 17362 = 0. Is s a prime number?
False
Let x(w) be the first derivative of 2*w**3/3 - 5*w**2 + 6*w - 17. Let m be x(4). Is (-1)/((-2)/2074) - m a prime number?
True
Let p(r) = r - 11. Let w be p(-17). Let d(x) = -4*x + 102. Let a be d(0). Let t = w + a. Is t prime?
False
Let m be ((-336)/(-70))/((-2)/225). Let z = -1110 - m. Let t = 1123 + z. Is t a prime number?
False
Let k(v) = -809*v**2 + 2*v. Let i be k(-2). Let y = 6503 + i. Is y composite?
True
Let a(v) = -v**2 + 36*v - 66. Let d be a(25). Is 21/(63/12) + (d - 2) composite?
False
Suppose -22*i + 29*i - 28 = 0. Suppose 0 = 3*m + i*v - 8189 - 41078, -5*m = 5*v - 82110. Is m composite?
False
Suppose 2*a - 4*x + 0*x + 220 = 0, -a = x + 107. Let c be (3/(-6))/((-2)/a). Let z = c + 80. Is z prime?
True
Let d(k) = k**3 + 11*k**2 - 4*k + 7. Let z(i) = -10*i**2 - i. Let j be z(1). Let f be d(j). Suppose -50*a + f*a = 85. Is a a prime number?
False
Let h(w) = -1705*w - 73. Is h(-6) a composite number?
True
Let h = -44 - -41. Let m be -3 - 0 - (-1275)/((-9)/h). Let p = -155 + m. Is p a composite number?
True
Suppose -12*m + 536994 = -14*m + 20*m. Is m composite?
False
Let g(t) = 35*t**2 + 865*t + 83. Is g(-66) composite?
True
Let v = -27 + 15. Let y(d) be the third derivative of 2*d**5/15 + 7*d**4/12 + 13*d**3/6 + 1961*d**2. Is y(v) prime?
True
Suppose 0 = -3*z + 5*c - 5 + 1, 5*z - 2 = 4*c. Suppose -1596 = z*j - 6214. Is j a prime number?
True
Let b(a) be the first derivative of 6057*a**4/2 + a**3/3 + 15*a**2/2 - 15*a + 26. Is b(1) a composite number?
True
Let i = -16490 + 61131. Is i a composite number?
False
Let j = 24 + 12. Suppose -28535 = -41*m + j*m. Is m a composite number?
True
Suppose 0 = -3*u + 2*i + 75, 3*u - 75 = 3*i - 0*i. Suppose -155 - u = 10*b. Let d(v) = -8*v - 17. Is d(b) prime?
True
Let w be (1 + -2)/(4/100*5). Let a be w/(5/(-19))*-23. Let g = 688 + a. Is g a composite number?
False
Suppose -8*c - 3*d = -4*c - 1164, d - 582 = -2*c. Suppose -3*x + 342 + c = 0. Suppose -o + 5*h = -183, o + h - x = -h. Is o composite?
True
Is 18/3*(-1285369)/(-114) a prime number?
True
Let u(f) = 370*f - 33. Let z be u(10). Let l = -932 + z. Is l prime?
False
Let l be (1 - (-6)/(-4))*(0 - -2). Let z(n) = 70*n - 4. Let t(y) = -211*y + 12. Let w(g) = 3*t(g) + 8*z(g). Is w(l) a prime number?
False
Let k(d) = -4514*d - 2601. Is k(-11) a prime number?
False
Is (1 - (7 + -4))*1814213/(-86) a composite number?
True
Let q(i) = -37*i**3 + 8*i**2 - 10*i - 14. Is q(-13) prime?
True
Suppose 10*p - 152 + 32 = 0. Suppose 0 = 4*f - p*f + 24584. Is f a composite number?
True
Suppose -17 = -i - 12. Suppose 4*v + 17 = i*p, -11 - 2 = -p - 4*v. Suppose 3*n = -3*b - 7 + 748, -b = -p*n - 247. Is b prime?
False
Let b(d) = 2*d**3 - 12 - 5*d**2 - d**3 - d + 10*d. Let i(g) = -g**3 + 4*g**2 + 22*g - 53. Let j be i(6). Is b(j) a composite number?
False
Let u = 41 + -40. Is (u + 0)/(3/4083) composite?
False
Suppose 19305 = -12*z - 96771. Let l = z - -16268. Is l composite?
True
Suppose 5*a - 45 = -0. Suppose 0 = -15*l + a*l + 690. Is l a composite number?
True
Let b(r) = 238*r**2 - 188*r**2 + 221*r**2 + r - 1 + r. Is b(2) prime?
True
Is (-255)/33 - 9/33 - (1 + -179360) a composite number?
False
Let h = 2650 + -2660. Let c(q) = 5*q**2 - 13*q - 5. Let l(n) = 1. Let a(d) = c(d) + 6*l(d). Is a(h) a prime number?
True
Let w = -10901 - -22238. Is w prime?
False
Let t(g) = -5807*g**3 - 2*g**2 - 3*g - 11. Let v(w) = 2903*w**3 + w**2 + w + 5. Let o(n) = 3*t(n) + 7*v(n). Is o(1) a prime number?
False
Let l = 19 - 13. Suppose -l*u - 8 = -10*u. Suppose 4*c - 2*g - 1068 + 174 = 0, 3*g - 427 = -u*c. Is c a prime number?
False
Is ((-1)/((-3)/(-141478)))/((-232)/348) prime?
False
Is 416257560/390 - (-22)/(-286) a composite number?
False
Suppose -558946 = -2*a + 6*v, 247*a - 244*a - 4*v = 838429. Is a composite?
False
Let w(h) = 59*h**3 + 3*h**2 + 18*h + 7. Is w(8) composite?
True
Suppose -5*m - 4*f + 42 = 0, 2*m + 2*f + 2*f - 24 = 0. Let j(a) = 323*a - 37. Is j(m) a composite number?
False
Let u(w) = 22*w**2 - 25*w - 32. Let v(p) = 2*p**2 - 2. Let i(r) = u(r) - 5*v(r). Is i(-23) a prime number?
False
Suppose 5*v - 10 + 5 = -d, -26 = -3*d - 4*v. Suppose -d*a + 13*a = 15165. Suppose -6*z = -z - a. Is z composite?
True
Let a = 811715 - 578602. Is a a composite number?
False
Suppose 33*q = 12863 + 1239520. Is q a composite number?
False
Is -1 + 293442 + (4 - 4) a composite number?
False
Suppose -5*k + 5*s + 22351 = 2*s, -4*s = 8. Let z = 8670 - k. Suppose 14*h - 13*h = z. Is h a prime number?
True
Let q = -1122 - -323. Let o = -1774 - q. Let p = -504 - o. Is p prime?
False
Suppose 23*h + 360 = -13*h. Is -3671*(6 + 3 + 0 + h) prime?
True
Let g(w) = 13*w**3 - 6*w**2 + 100*w - 583. Is g(6) a composite number?
False
Let r(i) be the second derivative of -i**5/20 + i**4/3 + i**3/6 + i**2/2 - 6*i. Let x be r(4). Is 909 - 8*x/10 a prime number?
False
Suppose 11*q - 1073306 = -2*q - 309075. Is q a composite number?
False
Let a(h) = h**3 - 7*h**2 + 11*h - 5. Let n be a(5). Suppose 5*c + n = -10, -3*c - 12 = v. Is (-17)/(-3)*((v - -12) + 87) a prime number?
False
Let d(l) = -l**2 + l - 11939. Let z be d(0). Let f = -6807 - z. Let q = f - 2953. Is q a composite number?
False
Let m(v) = -v**2 + 10*v - 20. Let w be m(7). Is (-5)/w*(-2)/((-80)/(-71576)) a composite number?
True
Suppose 97348138 = 611*x - 91065454 - 57967881. Is x a prime number?
True
Let j = 64054 - 22593. Is j a prime number?
False
Let r(f) = -266*f + 1595. Is r(-51) a prime number?
True
Suppose -4*i = -13 - 183. Let k = i - 47. Suppose -4*d - k*n = -10020, -3*d - 2*d + 12507 = -2*n. Is d composite?
False
Let h = 39 + -37. Suppose -u + 20863 = 4*d, h*d - 3*u = u + 10418. Suppose 6*b - b - d = 0. Is b a prime number?
False
Let r = 2143 - -3986. Let h = r - 3202. Is h a composite number?
False
Let p = -394 - -51. Let i = -2 - -4. Is i*(p/(-2) - 1) composite?
True
Suppose o - 784427 - 10475744 = -16*o. Is o a prime number?
False
Let s = -294 - -295. Is (-332803)/(-8) - s - 84/224 a composite number?
True
Suppose 0 = -2*q + n + 12, -2*n + 8 = 3*q + q. Is (-10979)/(q*(-4)/16) a prime number?
True
Let g(x) = 646*x + 47. Let w = 703 - 682. Is g(w) a prime number?
True
Suppose b = 4*b - 3, 5*b = 3*d - 2752. Suppose 598 - d = -r. Is r a prime number?
False
Suppose 0 = -4*b + 12*b - 184. Suppose 0 = -b*q + 3374 + 3963. Is q composite?
True
Let m(k) = 59*k**2 + 11*k - 2. Let t be m(-4). Let z = 3647 - t. Is z a prime number?
True
Let l(b) = -b**3 + 11*b**2 - 3*b - 13. Let y be l(10). Suppose 61*m = y*m + 18188. Is m a composite number?
False
Let m = 203311 + -86598. Is m prime?
False
Suppose 266561 = 2*z + 5*c - 112973, 3*z = -5*c + 569291. Is z prime?
True
Suppose 3*h + 0*h - 15 = 0. Let l be 27*(-1 + ((-20)/(-6))/h). Let a(q) = -46*q + 3. Is a(l) composite?
True
Is ((621/(-92))/27)/((-1)/679564) a composite number?
False
Let x be (-2 + 2)*1/2. Suppose -s = 16*c - 11*c - 6471, 0 = s - 6. Suppose x = -21*j + 18*j + c. Is j composite?
False
Let h(w) = 17458*w - 1473. Is h(4) prime?
False
Let o be -3 - (84/105)/((-4)/10). Is (o + 0)/((-23)/90689) prime?
True
Suppose 2*d + 3*d = -p + 53, 3*d + 327 = 4*p. Is (-1145547)/p*(-4)/6 a prime number?
True
Is (-76421)/((-3)/(27/9)) a prime number?
True
Suppose 2*k - 463 = 5*r - 0*r, 4*r + 712 = 3*k. Let y be -10*((-33)/(-30)*-1 - 3/(-5)). Suppose -y*f = -5*t - 49 + k, f = -2*t + 72. Is t composite?
False
Let h be (1/((-1)/4))/2 - -42. Let y be (2 - (h - -4))*-1. Let m = y - -1. Is m prime?
True
Let x be 3*8/(-12)*-218. Is x + (2 - (-2 + 1)) composite?
False
Suppose 4*y = -4*p + 5*y + 4757, 2*p + 2*y = 2386. Suppose v - p = -k + 4*k, 0 = 2*k. Let i = v + -321. Is i prime?
False
Let x = 697 - 722. Is (94101/6)/((x/(-10))/5) a composite number?
True
Let p = 97429 - 57306. Is p a prime number?
True
Let z be (-46037)/(-4) + 11/(-44). Let j = z - 4226. Is j prime?
True
Let a(t) be the third derivative of -t**5/60 + 5*t**4/12 + 7*t**3/3 - 12*t**2. Let m be a(11). Suppose 291 = m*y - 1002. Is y prime?
True
Suppose -15 = -2*p - 8*q + 5*q, 0 = -q + 1. Suppose -3*f + 943 = p*d - 2*d, 5*f + 935 = 4*d. Is d a prime number?
False
Suppose -1074*b = -1072*b - 19546. Suppose 3483 = 8*f - b. Is f a composite number?
False
Let o(s) = 4*s - 10. Let k 